).
2
Let m(s) = -s**3 - 17*s**2 + 17*s - 4. Determine m(-18).
14
Let i(j) = j**3 - 14*j**2 - 19*j + 33. Calculate i(15).
-27
Let w(n) = n**2 + 18*n + 14. What is w(-17)?
-3
Let u(h) = -h**2 - 2*h + 25. Determine u(-7).
-10
Let l(w) = -w**2 + 7*w + 8. Determine l(7).
8
Let p(r) = 4*r + 1. Calculate p(3).
13
Let o(q) = 4*q - 13. What is o(4)?
3
Let j(p) = p + 17. Give j(-20).
-3
Let z(h) = -2*h**2 + 2*h + 60. Calculate z(-5).
0
Let l(u) = 6*u + 18. Give l(-4).
-6
Let z(m) = -m**2 + 17*m - 21. Determine z(15).
9
Let g(u) = u**2 - 15*u + 11. Give g(14).
-3
Let t(u) = -u**2 + 3*u - 1. Determine t(5).
-11
Let a(f) = -2*f**3 + 6*f**2 + f. Give a(5).
-95
Let h(n) = -n**2 + 15*n - 15. Give h(13).
11
Let q(o) = -19*o**3 - 4*o**2 + 3*o. Determine q(2).
-162
Let d(x) = x**3 + 16*x**2 - 16*x + 19. Calculate d(-17).
2
Let x(k) = -14*k - 7. What is x(-1)?
7
Let p(z) = -z**3 - z**2 + 3*z - 1. Determine p(-3).
8
Let d(f) = -16*f + 112. What is d(7)?
0
Let a(w) = -2*w**2 + 10*w + 42. Determine a(8).
-6
Let h(c) = c - 20. Give h(5).
-15
Let a(w) = -w**3 - 11*w**2 + 11*w + 18. What is a(-12)?
30
Let n(z) = z**3 + 3*z**2 - 3*z - 8. Calculate n(-2).
2
Let g(k) = -26*k + 13. Give g(2).
-39
Let y(n) = n**2 + n. Determine y(-1).
0
Let d(i) = i**2 + 3*i - 41. What is d(-8)?
-1
Let x(n) = 4*n - 8. Calculate x(2).
0
Let g(n) = -5*n**2 - 13*n - 7. What is g(-3)?
-13
Let b(h) = 6*h + 23. Calculate b(-3).
5
Let o(w) = -w**2 + 6*w - 6. What is o(9)?
-33
Let k(l) = -l**3 - l**2 - l + 143. Calculate k(0).
143
Let y(i) = i**3 + 6*i**2 + 4*i - 1. Give y(-4).
15
Let p(u) = -2*u + 1. Calculate p(-4).
9
Let b(s) = 7*s**2 - 2*s - 1. Calculate b(-2).
31
Let m(b) = 3*b**2 - 22*b + 3. Give m(7).
-4
Let b(m) = -m**2 - 3*m + 6. Determine b(-6).
-12
Let k(y) = 2*y**3 - 10*y**2 - 52*y - 7. Give k(8).
-39
Let a(v) = v**2 + 10*v - 4. What is a(-8)?
-20
Let p(k) = k**2 - 25*k + 9. Determine p(6).
-105
Let z(g) = 3*g - 20. Calculate z(8).
4
Let m(p) = 5*p**3 + p**2. Calculate m(-1).
-4
Let p(c) = -c**3 - c**2 - 22. What is p(0)?
-22
Let l(b) = b**3 - 5*b**2 - 6*b + 5. Determine l(6).
5
Let u(m) = 7*m**2 - m - 1. What is u(-1)?
7
Let r(h) = -h**3 - 5*h**2 - 4*h - 3. What is r(-6)?
57
Let p(z) = z**2 - z - 4. Determine p(-4).
16
Let b(h) = h**3 - 3*h**2 - 37*h + 16. Give b(-5).
1
Let d(j) = -3*j**2 + 8*j - 8. Give d(2).
-4
Let q(f) = -f**2 - 7*f + 6. What is q(-7)?
6
Let w(y) = -y**3 + 2*y**2 + 8. Determine w(4).
-24
Let i(j) = -j**3 - 5*j**2 - 4*j - 5. Determine i(-4).
-5
Let s(j) = 42*j - 376. Determine s(9).
2
Let d(b) = 4*b**3 + b - 15. What is d(3)?
96
Let b(g) = -13*g**2 + 79*g - 12. Give b(6).
-6
Let o(m) = -m**3 - 12*m**2 - 32*m - 14. Calculate o(-8).
-14
Let o(d) = d. Give o(-4).
-4
Let q(x) = -x**3 - 3*x**2 + 12*x + 6. Give q(-4).
-26
Let y(k) = k**3 - 8*k**2 - 23*k + 18. Give y(9).
-108
Let r(h) = -11*h + 1. Determine r(2).
-21
Let g(f) = f + 9. Give g(-11).
-2
Let m(j) = 28*j**2. Calculate m(1).
28
Let q(i) = i**3 - 7*i**2 + 2*i - 4. Determine q(7).
10
Let n(o) = 21*o + 3. What is n(1)?
24
Let v(c) = 11*c - 205. Determine v(16).
-29
Let i(h) = -h**3 - 16*h**2 + 37*h + 13. Calculate i(-18).
-5
Let r(x) = -x - 7. Calculate r(-7).
0
Let n(l) = l - 35. Calculate n(19).
-16
Let b(f) = 18*f - 357. Determine b(20).
3
Let n(l) = -l**2 - 2*l + 5. Determine n(4).
-19
Let r(c) = -3*c**3 + 17*c + 17. Calculate r(-1).
3
Let h(w) = 8*w**3 + 2*w**2 - 1. What is h(-1)?
-7
Let s(z) = -14*z + 127. Give s(10).
-13
Let l(q) = -2*q**3 - 18*q**2 + 43*q - 4. What is l(-11)?
7
Let h(o) = 8*o**3 - o**2 + 3*o - 2. Give h(1).
8
Let q(r) = r**3 + 2*r**2 - 2*r - 2. What is q(-2)?
2
Let b(j) = -3*j**2 + 7*j + 20. Give b(7).
-78
Let v(i) = -i**2 - 6*i + 3. Calculate v(-6).
3
Let i(d) = 2*d. Give i(1).
2
Let p(q) = q**3 - 3*q**2 + 4*q - 9. What is p(3)?
3
Let f(r) = 7*r**2 + 4*r - 1. What is f(1)?
10
Let n(o) = 15*o + 40. What is n(-5)?
-35
Let b(v) = 3*v + 1. What is b(5)?
16
Let l(q) = 22*q - 35. Calculate l(2).
9
Let l(z) = z**3 + 7*z**2 - 2*z - 7. Give l(-7).
7
Let p(s) = -6*s - 17. Give p(-7).
25
Let g(q) = -q - 10. What is g(-4)?
-6
Let s(n) = 5*n**2 + 9*n - 14. Give s(2).
24
Let g(w) = w**2 - 7*w - 9. Give g(7).
-9
Let o(y) = 21*y + 1217. Determine o(-58).
-1
Let a(n) = 13*n - 5. Determine a(-2).
-31
Let x(w) = -w**3 + 8*w**2 - 7*w - 17. Calculate x(7).
-17
Let g(o) = 5*o**2 - 3*o - 12. Determine g(-2).
14
Let g(x) = 13*x - 17. Calculate g(8).
87
Let y(c) = -c**3 - 6*c + 40. Give y(0).
40
Let a(s) = s**2 - s - 9. Calculate a(-3).
3
Let j(b) = b**2 - b - 38. Give j(7).
4
Let n(s) = 12*s + 9. Give n(7).
93
Let t(z) = z**2 - 18*z - 14. Calculate t(13).
-79
Let q(r) = 4*r**2 - 6*r - 7. Determine q(-3).
47
Let m(s) = 2*s**3 - 8*s**2 + 4*s - 5. Calculate m(3).
-11
Let d(v) = v**3 + v**2 + 27. Determine d(0).
27
Let l(v) = -v**3 - 8*v**2 - 9*v. Calculate l(-7).
14
Let k(p) = -p**2 + 5*p + 4. Determine k(-5).
-46
Let y(z) = z**2 - 12*z - 1. Determine y(12).
-1
Let g(u) = -u**2 - 3*u - 2. Give g(3).
-20
Let a(s) = s**2 + 2*s - 15. What is a(3)?
0
Let l(r) = -r**2 - 14*r - 14. Calculate l(-14).
-14
Let q(d) = -6*d - 13. Give q(-4).
11
Let b(k) = k**3 - k**2 + k - 2. Calculate b(4).
50
Let r(q) = -3*q + 2. Calculate r(4).
-10
Let q(m) = -m**2 - 20*m - 18. What is q(-17)?
33
Let n(d) = -d**2 + 4*d + 36. Calculate n(7).
15
Let a(g) = -g**3 - 4*g**2 + 24*g + 13. What is a(-7)?
-8
Let u(x) = x**3 + x**2 + 4*x - 2. What is u(0)?
-2
Let h(r) = 2*r**3 + 5*r**2 + 12*r + 16. Calculate h(-4).
-80
Let y(k) = k**3 + 3*k**2 - 5*k + 5. What is y(-5)?
-20
Let n(c) = 5*c**2 + 7*c + 7. Determine n(-4).
59
Let k(u) = 10*u + 90. Calculate k(-5).
40
Let y(j) = -6*j - 5. Calculate y(-6).
31
Let d(v) = -v**2 + 23*v + 39. Determine d(25).
-11
Let c(q) = 2*q - 9. Calculate c(7).
5
Let h(m) = m**3 - 13*m**2 + 22*m + 12. Determine h(11).
12
Let t(c) = c**3 - 10*c**2 - 5. Give t(10).
-5
Let g(n) = n**3 + 4*n**2 - 5*n - 6. Calculate g(-4).
14
Let l(m) = m**3 - 16*m**2 - 17*m - 15. Give l(17).
-15
Let h(t) = -55*t + 19. What is h(3)?
-146
Let m(r) = r**2 + 10*r + 13. Give m(-8).
-3
Let g(k) = 3*k - 14. Determine g(5).
1
Let n(m) = 2*m**2 - 5*m - 7. What is n(5)?
18
Let u(m) = 19*m + 128. Give u(-6).
14
Let c(r) = -r**3 - 7*r**2 - 4*r - 7. What is c(-6)?
-19
Let h(d) = d**3 - 6*d**2 + 3*d. Determine h(4).
-20
Let l(u) = u**2 - 15*u + 53. Determine l(10).
3
Let s(g) = g**2 + 2*g + 4. Calculate s(-3).
7
Let z(t) = t**3 + 10*t**2 - 4*t - 28. What is z(-9)?
89
Let n(w) = w**3 - 6*w**2 - 44*w + 4. Determine n(10).
-36
Let b(y) = -2*y**2 - 2*y + 3. Calculate b(2).
-9
Let n(v) = 2*v**2 - 8*v - 31. What is n(7)?
11
Let i(l) = -6*l + 77. Determine i(25).
-73
Let i(v) = 85*v**3 + 3*v**2 + 3*v - 5. What is i(1)?
86
Let h(x) = x - 6. Determine h(-13).
-19
Let a(j) = j**3 + 9*j**2 + 9*j + 14. Determine a(-8).
6
Let u(a) = 2*a + 34. Calculate u(-12).
10
Let l(f) = -3*f**2 + f. Calculate l(2).
-10
Let l(k) = -102*k + 505. What is l(5)?
-5
Let c(w) = w**2 + 15*w + 31. Give c(-4).
-13
Let t(l) = 7*l + 4. Determine t(1).
11
Let h(n) = -4*n - 4. Give h(-2).
4
Let a(s) = -4*s - 22. Give a(-6).
2
Let o(u) = u - 7. Determine o(25).
18
Let j(s) = 12*s - 8. Determine j(1).
4
Let f(d) = -d - 18. Calculate f(-4).
-14
Let d(f) = 13*f + 20. Determine d(-3).
-19
Let g(c) = c**3 - 14*c**2 - 7*c + 11. Determine g(14).
-87
Let x(i) = i**2 - 7*i - 7. Give x(6).
-13
Let p(j) = -2*j - 42. Determine p(-22).
2
Let u(g) = -3*g**2 - 15*g - 52. Calculate u(-3).
-34
Let v(u) = u - 1. Calculate v(-11).
-12
Let r(j) = 7*j**2 + j - 1. Calculate r(1).
7
Let i(c) = -5*c + 4. Determine i(-7).
39
Let q(o) = 12*o - 3. Calculate q(2).
21
Let s(d) = d**3 - 36*d**2 + 36*d - 26. Give s(35).
9
Let v(q) = -q + 17. Calculate v(14).
3
Let b(w) = -3*w**2 - 19*w - 38. What is b(-4)?
-10
Let f(q) = q**2 + 5*q + 8. Calculate f(-6).
14
Let j(u) = -u**3 - 6*u**2 + 3*u + 15. What is j(-6)?
-3
Let c(o) = o**3 - 9*o**2 - 5*o - 4. Calculate c(10).
46
Let c(a) = -a**2 + 3*a + 1. Determine c(2).
3
Let b(p) = 12*p**2. Give b(1).
12
Let l(q) = -q + 9. Determine l(4).
5
Let l(b) = -b - 9. What is l(6)?
-15
Let y(q) = -q**2 + 2*q + 10. Determine y(5).
-5
Let v(w) = 4*w**2 - w - 9. Calculate v(-3).
30
Let k(u) = -38*u - 444. Determine k(-12).
12
Let n(i) = 9*i**2 - 7*i - 9. What is n(-3)?
93
Let l(u) = -10*u**2. Giv